der when 923 is divided by 44.
43
What is the remainder when 425 is divided by 39?
35
What is the remainder when 525 is divided by 197?
131
Calculate the remainder when 41 is divided by 6.
5
Calculate the remainder when 200 is divided by 58.
26
Calculate the remainder when 372 is divided by 96.
84
What is the remainder when 4438 is divided by 10?
8
Calculate the remainder when 564 is divided by 57.
51
Calculate the remainder when 1915 is divided by 48.
43
Calculate the remainder when 908 is divided by 209.
72
What is the remainder when 451 is divided by 151?
149
Calculate the remainder when 714 is divided by 6.
0
Calculate the remainder when 5389 is divided by 98.
97
Calculate the remainder when 148 is divided by 59.
30
Calculate the remainder when 401 is divided by 101.
98
What is the remainder when 380 is divided by 138?
104
What is the remainder when 194 is divided by 47?
6
Calculate the remainder when 34 is divided by 11.
1
What is the remainder when 148 is divided by 50?
48
Calculate the remainder when 1891 is divided by 627.
10
Calculate the remainder when 152 is divided by 23.
14
Calculate the remainder when 177 is divided by 61.
55
What is the remainder when 50072 is divided by 468?
464
What is the remainder when 382 is divided by 46?
14
What is the remainder when 256 is divided by 34?
18
What is the remainder when 85 is divided by 11?
8
What is the remainder when 943 is divided by 105?
103
What is the remainder when 4513 is divided by 2254?
5
Calculate the remainder when 143 is divided by 74.
69
Calculate the remainder when 5938 is divided by 55.
53
What is the remainder when 131 is divided by 15?
11
What is the remainder when 61 is divided by 8?
5
Calculate the remainder when 132 is divided by 35.
27
Calculate the remainder when 1083 is divided by 78.
69
Calculate the remainder when 643 is divided by 57.
16
What is the remainder when 245 is divided by 13?
11
What is the remainder when 5037 is divided by 20?
17
What is the remainder when 232 is divided by 78?
76
What is the remainder when 6299 is divided by 9?
8
What is the remainder when 1325 is divided by 639?
47
What is the remainder when 208 is divided by 45?
28
What is the remainder when 1631 is divided by 349?
235
What is the remainder when 94 is divided by 20?
14
Calculate the remainder when 2903 is divided by 11.
10
What is the remainder when 394 is divided by 112?
58
Calculate the remainder when 350 is divided by 58.
2
What is the remainder when 1817 is divided by 70?
67
What is the remainder when 932 is divided by 17?
14
What is the remainder when 79 is divided by 17?
11
Calculate the remainder when 393 is divided by 44.
41
What is the remainder when 32478 is divided by 40?
38
Calculate the remainder when 90 is divided by 20.
10
Calculate the remainder when 277 is divided by 35.
32
What is the remainder when 98 is divided by 25?
23
Calculate the remainder when 538 is divided by 131.
14
What is the remainder when 532 is divided by 12?
4
Calculate the remainder when 588 is divided by 60.
48
Calculate the remainder when 1253 is divided by 60.
53
What is the remainder when 317 is divided by 47?
35
What is the remainder when 213 is divided by 5?
3
Calculate the remainder when 1545 is divided by 81.
6
Calculate the remainder when 210 is divided by 104.
2
What is the remainder when 354 is divided by 36?
30
What is the remainder when 131 is divided by 63?
5
Calculate the remainder when 4473 is divided by 25.
23
What is the remainder when 78 is divided by 17?
10
Calculate the remainder when 220 is divided by 51.
16
Calculate the remainder when 217 is divided by 34.
13
Calculate the remainder when 508 is divided by 27.
22
Calculate the remainder when 1106 is divided by 187.
171
Calculate the remainder when 4965 is divided by 191.
190
Calculate the remainder when 168 is divided by 54.
6
Calculate the remainder when 1406 is divided by 464.
14
What is the remainder when 399 is divided by 40?
39
What is the remainder when 282 is divided by 73?
63
Calculate the remainder when 107 is divided by 36.
35
What is the remainder when 271 is divided by 57?
43
Calculate the remainder when 2560 is divided by 171.
166
Calculate the remainder when 17845 is divided by 255.
250
What is the remainder when 1394 is divided by 247?
159
Calculate the remainder when 138 is divided by 4.
2
What is the remainder when 124 is divided by 101?
23
What is the remainder when 2309 is divided by 136?
133
Calculate the remainder when 4460 is divided by 97.
95
Calculate the remainder when 69 is divided by 18.
15
What is the remainder when 45 is divided by 31?
14
What is the remainder when 308 is divided by 63?
56
What is the remainder when 550 is divided by 111?
106
What is the remainder when 1029 is divided by 8?
5
What is the remainder when 465 is divided by 230?
5
What is the remainder when 48 is divided by 17?
14
Calculate the remainder when 5496 is divided by 110.
106
Calculate the remainder when 992 is divided by 472.
48
What is the remainder when 1255 is divided by 34?
31
Calculate the remainder when 4432 is divided by 170.
12
What is the remainder when 27 is divided by 10?
7
Calculate the remainder when 1537 is divided by 762.
13
Calculate the remainder when 53 is divided by 24.
5
What is the remainder when 9759 is divided by 61?
60
What is the remainder when 1166 is divided by 215?
91
What is the remainder when 59 is divided by 30?
29
Calculate the remainder when 183 is divided by 4.
3
What is the remainder when 99 is divided by 5?
4
What is the remainder when 914 is divided by 54?
50
What is the remainder when 150 is divided by 48?
6
Calculate the remainder when 75 is divided by 24.
3
Calculate the remainder when 165 is divided by 68.
29
What is the remainder when 303 is divided by 76?
75
What is the remainder when 598 is divided by 46?
0
Calculate the remainder when 64 is divided by 32.
0
Calculate the remainder when 584 is divided by 155.
119
Calculate the remainder when 9 is divided by 8.
1
What is the remainder when 453 is divided by 21?
12
Calculate the remainder when 1798 is divided by 9.
7
What is the remainder when 4678 is divided by 18?
16
Calculate the remainder when 163 is divided by 47.
22
Calculate the remainder when 379 is divided by 59.
25
What is the remainder when 358 is divided by 5?
3
What is the remainder when 975 is divided by 122?
121
What is the remainder when 421 is divided by 18?
7
Calculate the remainder when 604 is divided by 151.
0
What is the remainder when 194 is divided by 69?
56
What is the remainder when 4891 is divided by 144?
139
Calculate the remainder when 332 is divided by 34.
26
What is the remainder when 14097 is divided by 47?
44
What is the remainder when 221 is divided by 70?
11
Calculate the remainder when 4507 is divided by 92.
91
Calculate the remainder when 2835 is divided by 165.
30
Calculate the remainder when 2084 is divided by 52.
4
What is the remainder when 57 is divided by 13?
5
What is the remainder when 269 is divided by 34?
31
What is the remainder when 94 is divided by 55?
39
Calculate the remainder when 6383 is divided by 76.
75
What is the remainder when 1072 is divided by 6?
4
Calculate the remainder when 44 is divided by 42.
2
Calculate the remainder when 99 is divided by 71.
28
What is the remainder when 92 is divided by 45?
2
Calculate the remainder when 10525 is divided by 14.
11
What is the remainder when 339 is divided by 171?
168
What is the remainder when 625 is divided by 596?
29
What is the remainder when 68 is divided by 9?
5
What is the remainder when 3570 is divided by 55?
50
Calculate the remainder when 758 is divided by 38.
36
What is the remainder when 178 is divided by 46?
40
What is the remainder when 1601 is divided by 31?
20
What is the remainder when 834 is divided by 17?
1
Calculate the remainder when 192 is divided by 176.
16
What is the remainder when 142 is divided by 61?
20
Calculate the remainder when 107 is divided by 88.
19
Calculate the remainder when 8811 is divided by 152.
147
What is the remainder when 50 is divided by 28?
22
What is the remainder when 14 is divided by 9?
5
Calculate the remainder when 2541 is divided by 212.
209
Calculate the remainder when 128 is divided by 66.
62
What is the remainder when 110 